4*g = -2*m + 6290, 0 = 4*m + 7*g - 10*g - 12558. Suppose m = -23*d + 38630. Is d a prime number?
True
Suppose 1236*p = 1260*p - 10280158 - 7709066. Is p a prime number?
False
Let o(d) = -7333*d - 8. Let m be o(-1). Suppose 6*x - m = 7999. Let q = x + -1547. Is q prime?
False
Let y(d) = 445*d**2 - 3*d - 5. Let g(z) = 2*z + 12. Let w be g(-7). Is y(w) prime?
False
Let c(p) = 1825*p - 794*p + 12 + 776*p + 5. Is c(2) prime?
True
Let s(a) = 129*a**3 + 26*a**2 - 57*a + 39. Is s(11) prime?
True
Suppose -2212 = 5*w - 3*j, 3*j = w + 611 - 159. Suppose 5*i + 2*p - 1075 = 0, -p + 860 = i + 3*i. Let y = i - w. Is y prime?
False
Suppose 13*m - 695516 = 846323. Is m a prime number?
True
Suppose -21*l + 22*l = -3*d + 65046, -15 = 5*l. Is d a prime number?
True
Let m(h) = h**3 - 6*h**2 - 22*h + 185. Is m(36) prime?
True
Suppose -o = 2*z - 132205, 0 = 5*z - 87*o + 82*o - 330520. Is z a prime number?
True
Suppose 2*r = -5*w + 53, 4*w + 8 = 2*r - 0*w. Let d = 16 - r. Is 9495/75 - d/(-5) composite?
False
Let c be (-4)/18 - (-180)/81. Suppose -c*f = 6*f - 24. Suppose 1591 = f*t - 242. Is t composite?
True
Suppose 0 = 11*b + 20308 - 97242. Let y be (b/10 - 2) + (-2)/5. Let x = -260 + y. Is x composite?
True
Let z = 138 + -133. Suppose 0 = -w - 2*c + 5 + 8, -c = -z*w + 43. Suppose w*l = 1052 + 3457. Is l a prime number?
False
Let o(t) = -42*t - 46. Let w be o(10). Let p = 4335 + w. Is p a prime number?
False
Suppose 5*j + 5*k = -25, -2 - 2 = -4*j + 4*k. Let a be (2/(-6) - 7/42)*j. Is 26728/(-16)*a*-2 a prime number?
False
Suppose 0*f = 18*f + 16*f - 32878. Is f a prime number?
True
Let c be (3 - -4) + (2 - 3). Suppose 0 = 2*f - c. Suppose 3*x + f*m - 486 = 0, -5*x + 10*x = 5*m + 860. Is x composite?
False
Let u be ((-3536)/5)/((-6)/225). Suppose t - u = -5*t. Suppose 6*l = t - 448. Is l prime?
False
Let l(h) = h**2 + 10*h + 3. Let t be l(-10). Suppose 2*x - 7*n + 9*n - 3910 = 0, t*x - 5*n - 5881 = 0. Is x prime?
False
Suppose -280503 = 171*x - 4456482 - 4016460. Is x a composite number?
True
Let m(a) = 3532*a - 210. Let t be m(8). Let q = t + 3821. Is q prime?
False
Let o(b) = -933*b + 448. Is o(-17) a composite number?
True
Suppose 2*l - 732174 = -2*c, -2*c = 15*l - 11*l - 732182. Is c prime?
False
Let h = -46 - -85. Let o = h + -40. Is (-759 + (o - -2))*3/(-6) composite?
False
Let g = 49888 + -27183. Suppose -g = 20*s - 25*s. Is s a prime number?
False
Let r = -11 - -16. Suppose 0*b - 11*b - 6*b + 0*b = 0. Is 1353*(b - r/(-15)) a prime number?
False
Suppose 0*u - 5*u = 15. Let s(q) = -2*q - 5. Let y be s(u). Is (4 + -3)*191*y prime?
True
Suppose 0*x - 69*x + 34080168 = 3980229. Is x a composite number?
False
Let t(d) = 453*d**2 + 59*d + 321. Is t(-5) a prime number?
True
Let v = 417270 + -211973. Is v a composite number?
False
Let n = -302711 + 444682. Is n composite?
False
Is (-1569)/54*7538/(-3) - (-2)/27 a prime number?
False
Let l = -16467 + 24776. Let j = l - 3774. Is j a prime number?
False
Let q be (-3 + 1 - -6) + (-14 - -11568). Suppose -10*t + 9*t + q = 0. Is t a prime number?
False
Suppose 3*j - 384441 = -3*m + 9951, 0 = 2*j + 4*m - 262926. Is j a composite number?
True
Let q(j) = -609098*j - 549. Is q(-2) composite?
False
Suppose -5*c + 210 = -k, -k + 7 - 176 = -4*c. Is 3 + (-4)/(-2)*c a prime number?
False
Let x be (199 - -1)/((-3)/(-84)*-2). Let p = x + 6257. Is p a composite number?
False
Suppose -220705 = -0*k - 6*k + 125693. Is k a prime number?
False
Let h(i) = i**2 - 12*i + 27. Let g be h(7). Let a(v) = -493*v - 3. Is a(g) a composite number?
True
Let q(v) = 1164*v**2 - 4*v - 52. Let z(s) = 388*s**2 - 2*s - 17. Let c(u) = 6*q(u) - 17*z(u). Is c(5) a prime number?
False
Suppose -2*y + 93 = 4*c - 209, 4*y + 345 = 5*c. Let v = c - 69. Is 131 - (60/v)/(-5) a composite number?
True
Suppose -2*i + 1488 = -2*v, -2*v = 2*v - 4. Suppose 0 = 5*t + 3*b - i - 1240, 4*t + 2*b = 1588. Is t composite?
False
Let u(i) = -41*i + 281. Let a be u(7). Is (5220746/244)/(-1 - a/4) prime?
True
Let v = -391616 + 595081. Is v a prime number?
False
Let u(g) = 3*g**2 + 6*g - 31. Let j be u(-15). Let a = j + 79. Is a a composite number?
True
Let f(w) = -521*w + 4. Let y(x) be the third derivative of -65*x**4/12 + x**3/6 - 6*x**2. Let t(p) = 2*f(p) - 9*y(p). Is t(1) composite?
False
Let y(l) = 3842*l**2 + 333*l - 6. Is y(-5) a prime number?
True
Is (-20052885)/(-125) + (-86)/1075 a prime number?
True
Suppose 2937277 = 301*n - 2675161 - 1353605. Is n composite?
False
Let j = 123 + -104. Suppose 28*t - j*t - 2853 = 0. Is t composite?
False
Let o(p) = 381*p + 34. Let v(m) = -76*m - 7. Let b(u) = -2*o(u) - 11*v(u). Let r(d) = -2*d**3 + 25*d**2 - 69*d + 9. Let w be r(4). Is b(w) composite?
False
Suppose 8254 = s - k, -4*k = 13*s - 14*s + 8269. Suppose x + 4*c - 1643 = 0, -s = -5*x - 4*c + c. Is x composite?
True
Suppose -6*f - 912261 = -1257819 - 1038600. Is f prime?
True
Let b(g) = 32*g**2 - 879*g - 266. Is b(-63) a prime number?
False
Let s(p) = 2743*p**3 - p**2 + 3*p - 2. Let i be s(1). Suppose -5*t + m + i = -1853, 2*m = 5*t - 4597. Is t prime?
True
Let n = -22558 + 15516. Let t = -4915 - n. Is t a composite number?
True
Let f(o) = -10 - 9 - 104865*o + 104844*o. Suppose 5*q - v + 15 = 0, -q + 0*v = -2*v - 6. Is f(q) a composite number?
True
Suppose -m + 9084 = 55*s - 58*s, -27234 = -3*m + 3*s. Let i = m + -2828. Is i composite?
False
Suppose -3 + 2 = m. Let b(g) = -3*g - 536*g**3 + 2*g**2 + 10*g + g - 3*g + 4 - 2. Is b(m) a composite number?
True
Let c be (-39)/6 + 70/28. Let n(f) = -344*f + 35. Is n(c) a prime number?
False
Let f(u) = -2*u**2 + 2*u - 5. Let d be f(-4). Let w = -45 - d. Suppose w = -3*g - 2*z + 5*z + 279, 2*g = -2*z + 170. Is g a prime number?
True
Let t(q) = -1 + 0*q + 1 + q - 3. Let z(d) = -d**3 + 5*d**2 - d - 6. Let r be z(3). Is t(r) composite?
True
Suppose -1 - 19 = -4*p, -5*j + 3*p - 20 = 0. Let g be (-4 - -6)*1/j*-1. Is g/(-8) - 8778/(-8) prime?
True
Let f be (-1*(-114)/18)/((-2)/(-6)). Suppose -f*r + 8875 = -31006. Is r a prime number?
True
Let m(r) = 4*r + 2. Let k(l) = -2*l - 1. Let f(n) = 11*k(n) + 6*m(n). Let q be f(-5). Is 66291/27 + 2/q a composite number?
True
Let z(t) = 225*t**2 - 7*t - 3. Let a be z(-4). Suppose -3*c - 5*o + a = 0, 0 = -3*o - 3. Suppose -c = -13*d + 1897. Is d a composite number?
False
Suppose -13*f = 2*j - 17*f - 613950, 0 = -2*f - 4. Is j a prime number?
False
Is (-132)/42*3858911/(-62) a prime number?
False
Let q be 3*5/45 + (-1)/3. Suppose 2*u - 3377 = -q*u + 3*v, 3*u = 3*v + 5070. Is u prime?
True
Is ((-14)/(-4) + 84/24)*22531 prime?
False
Let f(x) = -4*x**3 - 5*x**2 + 5*x + 13. Let l be f(-6). Suppose 0 = -g + 34 + l. Is g a prime number?
True
Let i(g) = -g**2 - g + 103. Let j be i(0). Suppose -2*c - 195 = -w - 4*w, c + j = -3*w. Let u = 11 - c. Is u a prime number?
False
Suppose 8*k - 12 = 4. Suppose -k*a + 3*h + 0*h = -3140, -a - 2*h = -1563. Is a a composite number?
False
Suppose 36*d - 199495 = 19*d. Is d prime?
False
Suppose -2*d + 4951 = -b, 0*d + 24745 = -5*b + 8*d. Let u = -2758 - b. Is u prime?
False
Let t = 27 - 15. Suppose -t = -3*d - 42. Is 130/(-52)*1004/d prime?
True
Let a(d) = -d**3 - 12*d**2 + 6*d + 9. Let x be a(-12). Let f = x + 75. Is 19035/21 + f/21 prime?
True
Let u = 779 + -1822. Let p = -97 + u. Let o = p + 2027. Is o composite?
False
Let k(q) = q**2 - 49*q + 117. Suppose -f = -4*t - 153, 2*t - 2*f = -0*t - 84. Is k(t) a composite number?
False
Let d(z) = -484*z - 301*z + 6 - 246*z. Let p be d(-4). Suppose 3*v + 5*a = 8*v - 5145, -4*v - 3*a + p = 0. Is v composite?
False
Let t(u) = 265*u**2 + 1141*u + 26. Is t(7) a prime number?
False
Let o(n) = 1164*n + 89. Suppose 0 = -2*h - 4*v + 28, -49 = -3*h + 2*v + 25. Is o(h) prime?
False
Is 79795/(11 + 68/(-8)) prime?
False
Let k be ((-2)/(-4))/(-4*1/(-691984)). Suppose -29*i - 11417 = -k. Is i a composite number?
True
Suppose 19*x + 39643 - 162269 = 0. Let p = 13977 + x. Is p a composite number?
False
Is (-28116)/(-1) - (-8 - -17 - 16) a prime number?
True
Is -14 - (-8904 - 4 - 0) prime?
False
Let o(t) = 2*t**2 + t + 10. Let y be o(0). Let i be (y - 20)/((-4)/(-2)). Is (-3065)/i + -4 + 2 a prime number?
False
Suppose -r - 3*l + 28601 = -6416, 5*r + 3*l = 175109. Is r a prime number?
True
Let y(a) = 2381*a + 378. Is y(53) prime?
False
Let r(i) = 4*i +